 257 = 0. What are the prime factors of q?
89
Suppose 5*d = -2*d + 112. Let v be 2132/d - (-3)/(-12). Let f = 249 - v. What are the prime factors of f?
2, 29
List the prime factors of ((-108)/90 - (-78)/15)*4439.
2, 23, 193
Let p = 2 + 10. Suppose -p = -5*u + 3. Suppose -u*y + 276 = -3*s, 4*y - 4*s - 190 = 2*y. List the prime factors of y.
89
Let k be 2/3 - 39/(-9). Suppose -4*q = 5*c - 1443, 5*c - 1074 = -k*q + 371. Suppose -5*z + 2*s = -c, s - 52 = -z - 4*s. What are the prime factors of z?
3, 19
Suppose 68*f = 64*f + i - 30, -f + 5*i - 17 = 0. List the prime factors of 638 - (f - 0/2).
3, 5, 43
Let i be -3 - (1 + -1 - 20592/9). Let s be (-8)/(-36) - i/(-45). Let c = 76 - s. List the prime factors of c.
5
Suppose -9281 - 6592 = -37*r. Let o = r - 84. List the prime factors of o.
3, 5, 23
Suppose -4*d = -5*s + 380, -38*s - 466 = 5*d - 42*s. What are the prime factors of d/24*2*(-6090)/25?
3, 7, 29
Let q(l) = 20*l + 980. Let j be q(-25). Let m be (-14)/4*(6 - 2). List the prime factors of (m/8)/((-8)/j).
3, 5, 7
Suppose o = 3, -9*o = -x - 13*o - 174. Let l = -171 - -75. Let j = l - x. List the prime factors of j.
2, 3, 5
Suppose 0 = 1226*f - 1264*f + 635702. What are the prime factors of f?
16729
Let g = 64 - -96. Suppose -2*w - 172 = -4*c, 4*c - 4*w - w = g. List the prime factors of c.
3, 5
Let u = 260 - 258. Suppose -3*c = -2*h + 1229, 0 = u*h - 3*c + 8*c - 1205. What are the prime factors of h?
2, 5, 61
Suppose -3*q + 105602 = -51442. List the prime factors of q.
2, 23, 569
Let d(z) = 12*z**2 + 3. Let i be d(3). Let u = -235 + 326. Let t = i - u. List the prime factors of t.
2, 5
Let b be 2 - (-15235)/25 - 4/10. List the prime factors of (-65)/26 - b/(-2).
3, 101
Suppose -115*k + 2962722 + 905878 = 0. What are the prime factors of k?
2, 5, 29
Suppose 22 = -3*k + 16. Let q be (0 - (-3)/k)/((-9)/882). Suppose -q = -11*x + 546. List the prime factors of x.
3, 7
Let y(x) = 1778*x - 14. What are the prime factors of y(1)?
2, 3, 7
Let m(s) = -291*s**3 + s**2 - 2*s - 5. Let x be m(-2). Let h = x + -1512. What are the prime factors of h?
3, 7, 13
Suppose -1080 = -4*j + 4904. Suppose 100*a + j = 2*i + 104*a, -2*i + 3*a = -1531. List the prime factors of i.
2, 379
Let z = 24811 - 7291. What are the prime factors of z?
2, 3, 5, 73
Let p = 10578 + 31121. What are the prime factors of p?
7, 23, 37
Suppose -3*j + 5*c + 2011 + 13188 = 0, 3*j = -2*c + 15185. List the prime factors of 1*(j/5 - (-66)/165).
1013
Let q(m) = 146*m**2 - 110*m - 197. What are the prime factors of q(-15)?
34303
Let o(t) = -2*t + 43. Let x be o(20). Let w(v) = 12*v**2 + x*v**3 + 9*v + 10*v**2 - 2*v**3 - 8*v**2 + 1. List the prime factors of w(-12).
181
Suppose -3*g = 2*b - 880, -19*g + 17*g + 1330 = 3*b. List the prime factors of b.
2, 223
Let z = 1 + 3. Suppose z*d + 48 = 64. List the prime factors of 1040/7 + d/(-7).
2, 37
Suppose -2*z + 7*z = 20. Suppose -l + a = -3*a, -z*a = l - 8. Suppose -w + 445 = l*w. What are the prime factors of w?
89
Let x = 188455 - 98280. What are the prime factors of x?
5, 3607
Let l(m) = 7*m**3 - 5*m**2 - m + 19. Let f = -121 + 125. What are the prime factors of l(f)?
383
Let p(u) = 58*u**3 - 9*u**2 + 45*u - 35. What are the prime factors of p(6)?
7, 1777
Suppose -4*g = 77 - 85. Suppose 5*n = -5*d + 40, -4*n - 26 = -5*d - g*n. What are the prime factors of 54/(-81) + 526/d?
3, 29
Let j = 78 + -73. Suppose u = -j*z + 185, 5*z - 177 = -u + 4*z. List the prime factors of u.
5, 7
Suppose 4*f + 20 = 2*h, -3*h + 0 - 6 = 3*f. Suppose 2*m = -4*x + 804, h*m - 4*x = x + 804. List the prime factors of m.
2, 3, 67
Let f(g) = -g**2 - 6*g - 7. Suppose 5*p = 2*p + 2*x - 5, 0 = -p - 3*x - 20. Let l be f(p). List the prime factors of (l - -34) + 32/(-8).
2, 7
Suppose 94*d - 22131 = 85*d. Suppose -2*h = -2*u + 990, 6*h = 5*u + 5*h - d. What are the prime factors of u?
491
Suppose 0 = -x - 56*k + 51*k + 3687, 0 = -3*x + 3*k + 11151. Suppose 45*b = 53*b - x. What are the prime factors of b?
2, 29
Let a(y) = -17*y**2 + 86*y + 3. Let m be a(5). Let h(t) = 154*t + 86. List the prime factors of h(m).
2, 659
Let r(f) = 2*f**3 + 3*f**2 + f + 6. Let v be r(4). Let z = v - 32. What are the prime factors of z?
2, 7, 11
Let k be ((-119)/(-42) - 3) + 43/6. Suppose 0 = -k*i + 45 + 39. Suppose -548 - i = -4*s. List the prime factors of s.
2, 5, 7
Suppose -5*m + 46613 + 389565 = 69788. What are the prime factors of m?
2, 3, 23, 59
Suppose 5*k = -5*b + 43615, -3*b - 5*k + 18286 = -7877. What are the prime factors of b?
2, 4363
Let f = -43 + 47. Suppose 0 = -f*u - 327 + 831. Suppose -8*i + i + u = 0. What are the prime factors of i?
2, 3
Suppose -3199*u = -m - 3201*u + 51063, -4*m = 2*u - 204270. List the prime factors of m.
3, 29, 587
Let j be 4/(-18) - (-2)/9. Suppose j*t = -3*f - 5*t + 40, -t = 3*f - 20. Suppose -111 = -f*i + 149. What are the prime factors of i?
2, 13
Let f(l) = -34*l + 2649. What are the prime factors of f(0)?
3, 883
Let l(n) = -n**3 + 31*n**2 - 36*n + 92. Let z be l(23). What are the prime factors of z/24*(2 + -4 - -5)?
19, 23
Suppose -10 = 5*s, -4*l - s + 4*s = -30. Suppose 3*v - 3*a = -0*a - 9048, -5*a = 2*v + 6060. List the prime factors of v/(-32) + l/(-16).
2, 47
Suppose -2*x = 5*a - 212, a = -4*x + 462 - 20. Suppose -x*b = -117*b + 624. What are the prime factors of b?
2, 13
Suppose -42*l + 3*t + 30654 = -41*l, 3*l - 2*t = 91913. List the prime factors of l.
3, 10211
Let w(y) = y - 4. Let z be w(6). Let u be -6*((-145)/(-2))/(-5)*z. Let b = u + -96. What are the prime factors of b?
2, 3, 13
Suppose -14*x - 3*r = -9*x - 97304, 38922 = 2*x + r. Suppose -30*a + x = -3728. What are the prime factors of a?
773
Suppose 6*m - m - 5*l - 67835 = 0, 0 = 3*m - 6*l - 40692. What are the prime factors of m?
2, 5, 23, 59
Suppose 6*u - u = -3*o + 32912, -3*u + 54880 = 5*o. What are the prime factors of o?
10979
What are the prime factors of ((-7633780)/465 - 64/(-992))*-3?
2, 5, 197
Let n be 20/(-130) + 186/26. Let b(k) = -k + 0*k + 5 + 2*k**3 - n*k**2 + 8*k. List the prime factors of b(4).
7
Suppose -4*l - t = 3*t + 12, 4*l + t - 3 = 0. Suppose -l*a + 7*a - 3320 = 0. Suppose 6*v - a = -2*v. List the prime factors of v.
83
Suppose -1 = i + 2, 200 = j + 5*i. Let l = -161 - -53. Let d = l + j. List the prime factors of d.
107
Let i(w) = -6*w**3 + 2*w**2 - 21*w + 18. Let f be i(-10). List the prime factors of f/12 + (-10)/15.
5, 107
Let d be 1225/14*12/5. Let j be 7/(d/(-264)) - 1/5. Let o(p) = 2*p**2 + 5*p - 11. List the prime factors of o(j).
2, 53
Suppose 0 = 8*v - 2*v - 18. Suppose -309 = -0*l - v*l. Suppose -5*z + 169 = -4*s, -3*z - 2*s + l = 6. List the prime factors of z.
3, 11
Let l(m) = 4*m - 24. Let s be l(9). Let h be (-1)/(s/(-28))*273. Suppose -6*k = k - h. What are the prime factors of k?
7, 13
Let x(o) = -533*o**3 - 3*o**2 + 15*o + 22. What are the prime factors of x(-4)?
2, 3, 53, 107
Suppose -q + 152 = -g, 432 = q + 2*q + 3*g. Suppose -q + 32 = -2*p. Let f = p + 16. List the prime factors of f.
2, 37
Let w = 125738 + -87971. List the prime factors of w.
3, 12589
List the prime factors of ((-68153)/76)/((-2)/(-32))*9/(-6).
2, 3, 17, 211
Let x(d) be the first derivative of d**3/3 + 2*d**2 - d + 29. Let t be x(-5). Suppose 6*a = t*a - 2*l + 82, -2*a - 3*l = -77. What are the prime factors of a?
2, 23
Suppose 5640 = 25*k - 5*k. Let f = k - -35. List the prime factors of f.
317
Let r = -206 + 361. Suppose -5*o + 65 + r = 0. Suppose t - o = x, 0 = -0*t + 2*t + 5*x - 53. List the prime factors of t.
3, 13
Suppose -28779 = -41*m + 73*m - 83755. What are the prime factors of m?
2, 859
Suppose 2*i - 17*b + 13*b - 11648 = 0, 0 = -4*b + 4. List the prime factors of i.
2, 3, 971
Suppose 0 = -10*a + 13*a + 54. Let l = a - -29. Suppose 3*r + 1832 = l*r. List the prime factors of r.
229
Suppose -15 = -3*j, 5*h + 13 - 38 = 5*j. Suppose 0 = h*p - 5*p - 500. Let l = p - -35. List the prime factors of l.
3, 5
Let r = -316 + 208. Let b be 2/(-13) + r/(-26). Suppose b*w = 604 + 160. List the prime factors of w.
191
Let r(t) = 2*t**2 + t - 6. Let p be r(2). Suppose 0 = -6*k + 4*k + p*q + 1660, 3*k - 4*q - 2490 = 0. What are the prime factors of k?
2, 5, 83
Suppose -1068305 = -14*r - 68*r - 49*r. What are the prime factors of r?
5, 7, 233
Let j = 9 + -10. Suppose -5*n = -5*t 